) to base 7.
-2
What is 100000010 (base 2) in base 9?
316
What is 0 (base 14) in base 16?
0
3b (base 16) to base 15
3e
What is 16 (base 14) in base 3?
202
1 (base 2) to base 3
1
104 (base 12) to base 11
125
What is 21 (base 9) in base 10?
19
Convert 154 (base 8) to base 12.
90
Convert 50 (base 6) to base 10.
30
Convert -21 (base 3) to base 14.
-7
-261 (base 11) to base 8
-465
What is -10 (base 3) in base 12?
-3
Convert 1 (base 8) to base 5.
1
Convert -c (base 14) to base 2.
-1100
7 (base 16) to base 14
7
-30 (base 4) to base 2
-1100
Convert 10 (base 16) to base 12.
14
Convert 5 (base 13) to base 15.
5
Convert -9 (base 10) to base 9.
-10
332 (base 5) to base 2
1011100
What is -29 (base 13) in base 2?
-100011
2211 (base 3) to base 7
136
Convert -35 (base 9) to base 3.
-1012
What is 2 (base 12) in base 4?
2
Convert 1 (base 13) to base 8.
1
1011 (base 2) to base 10
11
Convert 1 (base 7) to base 4.
1
What is -1 (base 7) in base 8?
-1
Convert 3 (base 4) to base 3.
10
Convert 2133 (base 4) to base 5.
1114
Convert -102 (base 8) to base 12.
-56
-11 (base 2) to base 11
-3
-2 (base 8) to base 16
-2
Convert 104 (base 6) to base 9.
44
Convert -40 (base 6) to base 7.
-33
11 (base 6) to base 5
12
6 (base 12) to base 11
6
Convert -5 (base 15) to base 16.
-5
-3a (base 13) to base 7
-100
Convert 11 (base 2) to base 9.
3
What is 5 (base 13) in base 5?
10
-12 (base 3) to base 2
-101
100 (base 3) to base 11
9
What is 2b (base 12) in base 7?
50
Convert 1f (base 16) to base 3.
1011
Convert 13 (base 5) to base 14.
8
What is -1 (base 6) in base 4?
-1
What is -33 (base 4) in base 2?
-1111
150 (base 10) to base 7
303
What is -22 (base 12) in base 2?
-11010
Convert -230 (base 4) to base 9.
-48
3 (base 8) to base 14
3
251 (base 7) to base 3
11222
What is -3 (base 16) in base 6?
-3
What is -13 (base 7) in base 6?
-14
What is 0 (base 14) in base 4?
0
What is -4 (base 9) in base 12?
-4
-12 (base 12) to base 6
-22
What is 3 (base 11) in base 10?
3
-4 (base 5) to base 7
-4
Convert -1100011 (base 2) to base 12.
-83
-3 (base 6) to base 9
-3
Convert 6 (base 15) to base 13.
6
Convert 1100 (base 4) to base 14.
5a
What is 3 (base 16) in base 2?
11
Convert 0 (base 15) to base 14.
0
-49 (base 11) to base 2
-110101
Convert 51 (base 7) to base 6.
100
-a (base 12) to base 4
-22
What is -70 (base 16) in base 5?
-422
Convert -23 (base 7) to base 4.
-101
-5 (base 6) to base 13
-5
0 (base 16) to base 7
0
22 (base 11) to base 14
1a
-8 (base 14) to base 11
-8
a (base 12) to base 10
10
-47 (base 11) to base 12
-43
What is 7 (base 10) in base 8?
7
Convert -45 (base 16) to base 2.
-1000101
Convert -1 (base 15) to base 13.
-1
What is -1d (base 14) in base 15?
-1c
Convert 2c (base 16) to base 5.
134
-30 (base 14) to base 7
-60
-6 (base 11) to base 4
-12
Convert -30 (base 4) to base 12.
-10
Convert 132 (base 7) to base 16.
48
Convert -32 (base 4) to base 6.
-22
-510 (base 8) to base 5
-2303
Convert 5c (base 15) to base 4.
1113
-4 (base 14) to base 9
-4
What is 27 (base 10) in base 4?
123
What is -4 (base 12) in base 14?
-4
What is -5 (base 11) in base 13?
-5
-4 (base 14) to base 5
-4
-37 (base 15) to base 6
-124
3 (base 14) to base 4
3
-3 (base 7) to base 3
-10
6 (base 12) to base 7
6
Convert -2 (base 7) to base 11.
-2
Convert 3 (base 9) to base 15.
3
Convert 1012 (base 5) to base 3.
11220
Convert 215 (base 7) to base 14.
7c
What is 0 (base 14) in base 10?
0
What is -2 (base 16) in base 3?
-2
Convert -18 (base 9) to base 13.
-14
What is -1 (base 12) in base 2?
-1
220 (base 3) to base 10
24
e (base 15) to base 4
32
2b (base 12) to base 7
50
What is 4b (base 16) in base 13?
5a
-16 (base 7) to base 15
-d
What is 2 (base 3) in base 12?
2
Convert 220 (base 3) to base 13.
1b
Convert 14 (base 15) to base 13.
16
What is 1 (base 11) in base 8?
1
Convert 23 (base 5) to base 11.
12
Convert 11 (base 12) to base 5.
23
0 (base 7) to base 14
0
-31 (base 16) to base 11
-45
11 (base 4) to base 6
5
Convert 0 (base 15) to base 8.
0
Convert 1101111 (base 2) to base 7.
216
Convert 8 (base 11) to base 5.
13
-6 (base 7) to base 16
-6
1010010 (base 2) to base 16
52
Convert 4 (base 14) to base 6.
4
Convert 4a (base 15) to base 10.
70
-164 (base 8) to base 12
-98
Convert 69 (base 15) to base 2.
1100011
-30 (base 6) to base 5
-33
Convert 1 (base 4) to base 15.
1
11 (base 13) to base 10
14
What is 1 (base 16) in base 2?
1
Convert 0 (base 15) to base 7.
0
Convert -242 (base 9) to base 15.
-d5
Convert 0 (base 10) to base 8.
0
Convert -2 (base 9) to base 13.
-2
Convert 1012 (base 3) to base 12.
28
-5 (base 9) to base 16
-5
100010 (base 2) to base 10
34
-34 (base 9) to base 15
-21
-221 (base 4) to base 2
-101001
-1 (base 6) to base 13
-1
4 (base 16) to base 13
4
-2a (base 11) to base 16
-20
What is -4 (base 5) in base 9?
-4
-6 (base 8) to base 4
-12
-11 (base 15) to base 6
-24
What is 1100 (base 2) in base 8?
14
Convert 8 (base 9) to base 7.
11
-c (base 14) to base 7
-15
Convert 10 (base 2) to base 15.
2
-19 (base 12) to base 7
-30
What is -100 (base 3) in base 16?
-9
2 (base 12) to base 9
2
What is 1013 (base 4) in base 9?
78
Convert 27 (base 10) to base 6.
43
Convert 2 (base 14) to base 12.
2
Convert 19 (base 11) to base 2.
10100
31 (base 10) to base 3
1011
Convert 112 (base 3) to base 16.
e
Convert 4 (base 8) to base 7.
4
What is -6 (base 16) in base 15?
-6
What is -3 (base 13) in base 10?
-3
What is -60 (base 7) in base 10?
-42
Convert 12020 (base 3) to base 2.
10001101
3 (base 11) to base 6
3
What is 232 (base 4) in base 15?
31
Convert 3 (base 11) to base 12.
3
-12120 (base 3) to base 6
-410
What is 10001 (base 2) in base 10?
17
0 (base 14) to base 4
0
What is -114 (base 11) in base 7?
-253
-21 (base 3) to base 9
-7
What is 39 (base 14) in base 4?
303
110 (base 8) to base 14
52
What is -357 (base 11) in base 8?
-651
Convert -25 (base 7) to base 13.
-16
1 (base 11) to base 15
1
What is 1110 (base 2) in base 11?
13
What is -231 (base 8) in base 10?
-153
2 (base 10) to base 2
10
Convert -1133 (base 5) to base 13.
-cc
Convert -5 (base 7) to base 2.
-101
What is -131 (base 6) in base 12?
-47
Convert -1 (base 11) to base 4.
-1
14 (base 9) to base 8
15
Convert -6 (base 9) to base 10.
-6
Convert 35 (base 16) to base 13.
41
Convert -5 (base 14) to base 5.
-10
-1242 (base 5) to base 2
-11000101
Convert -3 (base 15) to base 2.
-11
What is -10 (base 9) in base 11?
-9
What is -8 (base 16) in base 10?
-8
-15 (base 10) to base 2
-1111
What is -113 (base 4) in base 11?
-21
Convert -1 (base 12) to base 14.
-1
What is 1 (base 10) in base 6?
1
What is 198 (base 13) in base 14?
170
-5 (base 12) to base 2
-101
-d (base 16) to base 3
-111
What is 12 (base 7) in base 2?
1001
What is -27 (base 13) in base 14?
-25
1b9 (base 12) to base 14
165
Convert -10 (base 4) to base 12.
-4
-70 (base 14) to base 7
-200
Convert -185 (base 12) to base 3.
-100002
Convert -39 (base 13) to base 8.
-60
Convert -11 (base 12) to base 2.
-1101
Convert -2232 (base 4) to base 8.
-256
What is 2 (base 15) in base 2?
10
41 (base 11) to base 15
30
What is -11110 (base 3) in base 13?
-93
What is 16 (base 7) in base 5?
23
What is 7 (base 14) in base 15?
7
What is -31 (base 4) in base 10?
-13
What is -6 (base 8) in base 2?
-110
Convert -13 (base 8) to base 9.
-12
What is -81 (base 14) in base 13?
-89
33 (base 9) to base 5
110
-3 (base 11) to base 9
-3
-60 (base 8) to base 16
-30
Convert 200 (base 5) to base 3.
1212
Convert 411 (base 7) to base 12.
150
-5 (base 9) to base 5
-10
Convert 1b (base 15) to base 4.
122
What is 3 (base 11) in base 5?
3
What is 17 (base 8) in base 10?
15
What is 100011 (base 2) in base 3?
1022
Convert -4 (base 13) to base 2.
-100
What is -13 (base 16) in base 12?
-17
Convert -1 (base 10) to base 11.
-1
Convert 3 (base 16) to base 12.
3
2 (base 8) to base 4
2
Convert 57 (base 9) to base 6.
124
Convert 1 (base 11) to base 12.
1
1b (base 12) to base 6
35
What is -10 (base 4) in base 11?
-4
What is -27 (base 15) in base 6?
-101
What is 1101 (base 2) in base 3?
111
What is -101 (base 2) in base 11?
-5
What is 4 (base 10) in base 15?
4
Convert 4 (base 10) to base 8.
4
Convert -3 (base 14) to base 7.
-3
Convert -1212 (base 3) to base 13.
-3b
2 (base 14) to base 16
2
Convert 1 (base 5) to base 3.
1
Convert 1 (base 13) to base 5.
1
What is 123 (base 11) in bas